{"id":3960,"date":"2021-03-09T20:19:11","date_gmt":"2021-03-09T20:19:11","guid":{"rendered":"http:\/\/www.comie.org.mx\/congreso\/2021\/sitio\/cms\/?page_id=3960"},"modified":"2021-03-26T23:11:45","modified_gmt":"2021-03-26T23:11:45","slug":"notas-informativas","status":"publish","type":"page","link":"https:\/\/www.comie.org.mx\/congreso\/2021\/sitio\/cms\/notas-informativas\/","title":{"rendered":"Notas informativas"},"content":{"rendered":"\t\t<div data-elementor-type=\"wp-page\" data-elementor-id=\"3960\" class=\"elementor elementor-3960\" data-elementor-settings=\"[]\">\n\t\t\t\t\t\t\t<div class=\"elementor-section-wrap\">\n\t\t\t\t\t\t\t<section class=\"elementor-section elementor-top-section elementor-element elementor-element-bb92fb0 elementor-section-boxed elementor-section-height-default elementor-section-height-default\" data-id=\"bb92fb0\" data-element_type=\"section\">\n\t\t\t\t\t\t<div class=\"elementor-container elementor-column-gap-default\">\n\t\t\t\t\t<div class=\"elementor-column elementor-col-100 elementor-top-column elementor-element elementor-element-7410883\" data-id=\"7410883\" data-element_type=\"column\">\n\t\t\t<div class=\"elementor-widget-wrap elementor-element-populated\">\n\t\t\t\t\t\t\t\t<div class=\"elementor-element elementor-element-5965612 elementor-widget elementor-widget-image\" data-id=\"5965612\" data-element_type=\"widget\" data-widget_type=\"image.default\">\n\t\t\t\t<div class=\"elementor-widget-container\">\n\t\t\t\t\t<div class=\"elementor-image\">\n\t\t\t\t\t\t\t\t\t\t<img loading=\"lazy\" decoding=\"async\" width=\"300\" height=\"190\" src=\"https:\/\/www.comie.org.mx\/congreso\/2021\/sitio\/cms\/wp-content\/uploads\/2021\/03\/Logo-XVI-CNIE_Sitio-Web-300x190.png\" class=\"attachment-medium size-medium\" alt=\"\" srcset=\"https:\/\/www.comie.org.mx\/congreso\/2021\/sitio\/cms\/wp-content\/uploads\/2021\/03\/Logo-XVI-CNIE_Sitio-Web-300x190.png 300w, https:\/\/www.comie.org.mx\/congreso\/2021\/sitio\/cms\/wp-content\/uploads\/2021\/03\/Logo-XVI-CNIE_Sitio-Web-768x486.png 768w, https:\/\/www.comie.org.mx\/congreso\/2021\/sitio\/cms\/wp-content\/uploads\/2021\/03\/Logo-XVI-CNIE_Sitio-Web.png 826w\" sizes=\"auto, (max-width: 300px) 100vw, 300px\" \/>\t\t\t\t\t\t\t\t\t\t\t<\/div>\n\t\t\t\t<\/div>\n\t\t\t\t<\/div>\n\t\t\t\t\t<\/div>\n\t\t<\/div>\n\t\t\t\t\t\t\t<\/div>\n\t\t<\/section>\n\t\t\t\t<section class=\"elementor-section elementor-top-section elementor-element elementor-element-a20201b elementor-section-boxed elementor-section-height-default elementor-section-height-default\" data-id=\"a20201b\" data-element_type=\"section\">\n\t\t\t\t\t\t<div class=\"elementor-container elementor-column-gap-default\">\n\t\t\t\t\t<div class=\"elementor-column elementor-col-100 elementor-top-column elementor-element elementor-element-2348657\" data-id=\"2348657\" data-element_type=\"column\">\n\t\t\t<div class=\"elementor-widget-wrap elementor-element-populated\">\n\t\t\t\t\t\t\t\t<div class=\"elementor-element elementor-element-e48e9cc elementor-widget elementor-widget-heading\" data-id=\"e48e9cc\" data-element_type=\"widget\" data-widget_type=\"heading.default\">\n\t\t\t\t<div class=\"elementor-widget-container\">\n\t\t\t<h1 class=\"elementor-heading-title elementor-size-default\">Resultados de la convocatoria para el dise\u00f1o de la imagen del XVI CNIE<\/h1>\t\t<\/div>\n\t\t\t\t<\/div>\n\t\t\t\t\t<\/div>\n\t\t<\/div>\n\t\t\t\t\t\t\t<\/div>\n\t\t<\/section>\n\t\t\t\t<section class=\"elementor-section elementor-top-section elementor-element elementor-element-acfcc2d elementor-section-boxed elementor-section-height-default elementor-section-height-default\" data-id=\"acfcc2d\" data-element_type=\"section\">\n\t\t\t\t\t\t<div class=\"elementor-container elementor-column-gap-default\">\n\t\t\t\t\t<div class=\"elementor-column elementor-col-100 elementor-top-column elementor-element elementor-element-94a501b\" data-id=\"94a501b\" data-element_type=\"column\">\n\t\t\t<div class=\"elementor-widget-wrap elementor-element-populated\">\n\t\t\t\t\t\t\t\t<div class=\"elementor-element elementor-element-d6cbc5d elementor-widget elementor-widget-text-editor\" data-id=\"d6cbc5d\" data-element_type=\"widget\" data-widget_type=\"text-editor.default\">\n\t\t\t\t<div class=\"elementor-widget-container\">\n\t\t\t\t\t<div class=\"elementor-text-editor elementor-clearfix\"><p>La Secretar\u00eda de Educaci\u00f3n del Estado de Puebla (SEEP) convoc\u00f3 a creativos, investigadores, profesores, estudiantes y otros actores sociales interesados, pertenecientes a instituciones de educaci\u00f3n superior p\u00fablicas y privadas incorporadas a la SEEP para dise\u00f1ar la imagen del XVI Congreso Nacional de Investigaci\u00f3n Educativa que se realizar\u00e1 del 15 al 22 de noviembre de este a\u00f1o, y que tendr\u00e1 como sede la ciudad de Puebla.<\/p><p>La convocatoria se public\u00f3 en el sitio web de la SEEP el pasado 5 de febrero de 2021 y cerr\u00f3 la recepci\u00f3n de propuestas el 21 del mismo mes. Dicho documento puede consultarse en el siguiente enlace: <strong><a href=\"http:\/\/www.concytep.gob.mx\/convocatoria-diseno-e-imagen-del-xvi-congreso-mexicano-de-investigacion-educativa-comie-2021\/?fbclid=IwAR34DWOmUVrr3iig0BbRMtj4uE4zFQxOLnaMHy8w7iZ2v2K03TW4v9F75rg\">Dise\u00f1o e imagen del XVI Congreso Mexicano de Investigaci\u00f3n Educativa (COMIE) 2021.<\/a><\/strong><br \/>Los ganadores de los tres primeros lugares se dieron a conocer en la reuni\u00f3n de presentaci\u00f3n del Comit\u00e9 Local de Puebla el 26 de febrero de 2021:<\/p><p><em>Primer lugar:<\/em><br \/><strong>Mtro. Emmanuel Cabildo Gonz\u00e1lez<\/strong><br \/><em>Teziutl\u00e1n, Puebla.<\/em><\/p><p><em>Segundo lugar:<\/em><br \/><strong>Lic. Alberto V\u00e1zquez Mat\u00edas<\/strong><br \/><em>Puebla, Puebla.<\/em><\/p><p><em>Tercer Lugar:<\/em><br \/><strong>Mar\u00eda de Lourdes Romero Rodr\u00edguez<\/strong><br \/><em>San Pedro Cholula, Puebla.<\/em><\/p><p>De acuerdo con la convocatoria, los resultados estar\u00e1n disponibles en el sitio web de la Secretar\u00eda de Educaci\u00f3n del Estado de Puebla. Para mayor informaci\u00f3n puede escribir al siguiente correo electr\u00f3nico: <strong><a href=\"mailto:investigacion.educativa@seppue.gob.mx\">investigacion.educativa@seppue.gob.mx\u00a0<\/a><\/strong><\/p><\/div>\n\t\t\t\t<\/div>\n\t\t\t\t<\/div>\n\t\t\t\t\t<\/div>\n\t\t<\/div>\n\t\t\t\t\t\t\t<\/div>\n\t\t<\/section>\n\t\t\t\t\t\t<\/div>\n\t\t\t\t\t<\/div>\n\t\t","protected":false},"excerpt":{"rendered":"<p>Resultados de la convocatoria para el dise\u00f1o de la imagen del XVI CNIE La Secretar\u00eda de Educaci\u00f3n del Estado de Puebla (SEEP) convoc\u00f3 a creativos, investigadores, profesores, estudiantes y otros actores sociales interesados, pertenecientes a instituciones de educaci\u00f3n superior p\u00fablicas y privadas incorporadas a la SEEP para dise\u00f1ar la imagen del XVI Congreso Nacional de&#8230; <\/p>\n<div class=\"clear\"><\/div>\n<p><a href=\"https:\/\/www.comie.org.mx\/congreso\/2021\/sitio\/cms\/notas-informativas\/\" class=\"gdlr-info-font excerpt-read-more\">Leer m\u00e1s<\/a><\/p>\n","protected":false},"author":1,"featured_media":0,"parent":0,"menu_order":0,"comment_status":"closed","ping_status":"closed","template":"","meta":{"footnotes":""},"class_list":["post-3960","page","type-page","status-publish","hentry"],"_links":{"self":[{"href":"https:\/\/www.comie.org.mx\/congreso\/2021\/sitio\/cms\/wp-json\/wp\/v2\/pages\/3960","targetHints":{"allow":["GET"]}}],"collection":[{"href":"https:\/\/www.comie.org.mx\/congreso\/2021\/sitio\/cms\/wp-json\/wp\/v2\/pages"}],"about":[{"href":"https:\/\/www.comie.org.mx\/congreso\/2021\/sitio\/cms\/wp-json\/wp\/v2\/types\/page"}],"author":[{"embeddable":true,"href":"https:\/\/www.comie.org.mx\/congreso\/2021\/sitio\/cms\/wp-json\/wp\/v2\/users\/1"}],"replies":[{"embeddable":true,"href":"https:\/\/www.comie.org.mx\/congreso\/2021\/sitio\/cms\/wp-json\/wp\/v2\/comments?post=3960"}],"version-history":[{"count":4,"href":"https:\/\/www.comie.org.mx\/congreso\/2021\/sitio\/cms\/wp-json\/wp\/v2\/pages\/3960\/revisions"}],"predecessor-version":[{"id":4103,"href":"https:\/\/www.comie.org.mx\/congreso\/2021\/sitio\/cms\/wp-json\/wp\/v2\/pages\/3960\/revisions\/4103"}],"wp:attachment":[{"href":"https:\/\/www.comie.org.mx\/congreso\/2021\/sitio\/cms\/wp-json\/wp\/v2\/media?parent=3960"}],"curies":[{"name":"wp","href":"https:\/\/api.w.org\/{rel}","templated":true}]}}