{"id":50,"date":"2022-09-27T22:55:24","date_gmt":"2022-09-27T22:55:24","guid":{"rendered":"http:\/\/organicthemes.com\/demo\/natural\/?page_id=50"},"modified":"2026-03-11T22:56:58","modified_gmt":"2026-03-11T22:56:58","slug":"proceso-admision","status":"publish","type":"page","link":"https:\/\/www.comie.org.mx\/v6\/proceso-admision\/","title":{"rendered":"PROCESO DE ADMISI\u00d3N"},"content":{"rendered":"\n<p>Estimado(a) investigador(a) educativo(a):<\/p>\n\n\n\n<p>El ingreso al Consejo Mexicano de Investigaci\u00f3n Educativa se hace con base en sus Estatutos y Reglamento de Admisi\u00f3n, y \u00e9ste puede ser como&nbsp;<strong>Asociado Candidato, Asociado Titular o Invitado.<\/strong><\/p>\n\n\n\n<p><strong>Art. 4.<\/strong>&nbsp;<strong>Para obtener la calidad de Asociado Titular se requiere:<\/strong><\/p>\n\n\n\n<p>I. Tener posgrado en educaci\u00f3n en \u00e1reas afines;<\/p>\n\n\n\n<p>II. Realizar investigaci\u00f3n en el \u00e1rea educativa;<\/p>\n\n\n\n<p>III. Tener productos de investigaci\u00f3n publicados, de los cuales al menos dos deber\u00e1n ser art\u00edculos de investigaci\u00f3n en revistas de prestigio o cap\u00edtulos de libro o un libro \u2013 como autor o coautor-, publicado en una editorial que garantice arbitraje;<\/p>\n\n\n\n<p>IV. Presentar&nbsp;<em>curr\u00edculum vitae<\/em>&nbsp;en el formato y con los anexos correspondientes, solicitados por el COMIE.<\/p>\n\n\n\n<p><strong>Una vez que la comisi\u00f3n de admisi\u00f3n apruebe su ingreso usted deber\u00e1 cubrir una cuota anual de $2,700 MXN<\/strong><\/p>\n\n\n\n<p><strong>Art. 5.<\/strong>&nbsp;<strong>Para obtener la calidad de Asociado Candidato se requiere:<\/strong><\/p>\n\n\n\n<p>I. Tener el 50% de cr\u00e9ditos cubiertos de posgrado orientado a la investigaci\u00f3n educativa; o ser acad\u00e9mico de reciente ingreso en instituciones educativas o de investigaci\u00f3n.<\/p>\n\n\n\n<p>II. Tener resultados de investigaci\u00f3n en educaci\u00f3n, publicadas o en prensa, en libros con arbitraje de pares, revistas arbitradas o indexadas o, una presentaci\u00f3n individual de sus avances de investigaci\u00f3n en un congreso especializado con memorias en extenso<\/p>\n\n\n\n<p>III. Presentar curriculum vitae en el formato y con los anexos correspondientes, solicitados por el COMIE.<\/p>\n\n\n\n<p><strong>Una vez que la comisi\u00f3n de admisi\u00f3n apruebe su ingreso usted deber\u00e1 cubrir una cuota anual de $1,200 MXN<\/strong><\/p>\n\n\n\n<p><strong>Art. 6 Para obtener la calidad de Asociado Invitado se requiere:<\/strong><\/p>\n\n\n\n<p>I. Cumplir con los requisitos previstos en el Art. 4;<\/p>\n\n\n\n<p>II. Ser postulado por uno o varios asociados Titulares del COMIE, de manera argumentada, ante el Comit\u00e9 Directivo; y<\/p>\n\n\n\n<p>III. Presentar por escrito la aceptaci\u00f3n de la postulaci\u00f3n.<\/p>\n\n\n\n<p>Los procesos de admisi\u00f3n se realizan&nbsp;<strong>dos veces al a\u00f1o<\/strong>, previos a las Asambleas de Socios en los meses de&nbsp;<strong>marzo y octubre<\/strong>, pero la&nbsp;<strong>recepci\u00f3n de solicitudes est\u00e1 abierta durante todo el a\u00f1o<\/strong>&nbsp;para ser revisadas por la Comisi\u00f3n de Admisi\u00f3n.<\/p>\n\n\n\n<p>Para m\u00e1s informaci\u00f3n sobre el proceso consulte los&nbsp;<strong>Estatutos y el Reglamento de Admisi\u00f3n<\/strong>&nbsp;en la pesta\u00f1a de&nbsp;<strong>Normatividad<\/strong>&nbsp;de esta p\u00e1gina, cualquier duda al respecto y envi\u00f3 de solicitudes, escriba al correo&nbsp;apoyotecnico@comie.org.mx&nbsp;o comun\u00edquese a<br>los tel\u00e9fonos: (55)&nbsp;3089&nbsp;2815 y (55)&nbsp;5510&nbsp;3528.<\/p>\n\n\n\n<div class=\"wp-block-buttons is-content-justification-center is-layout-flex wp-container-core-buttons-is-layout-1 wp-block-buttons-is-layout-flex\">\n<div class=\"wp-block-button\"><a class=\"wp-block-button__link has-accent-primary-background-color has-background wp-element-button\" href=\"https:\/\/comie.org.mx\/admision\/\" target=\"_blank\" rel=\"noreferrer noopener\">Registrar solicitud de admisi\u00f3n<\/a><\/div>\n<\/div>\n","protected":false},"excerpt":{"rendered":"<p>Estimado(a) investigador(a) educativo(a): El ingreso al Consejo Mexicano de Investigaci\u00f3n Educativa se hace con base en sus Estatutos y Reglamento de Admisi\u00f3n, y \u00e9ste puede ser como&nbsp;Asociado Candidato, Asociado Titular o Invitado. Art. 4.&nbsp;Para obtener la calidad de Asociado Titular se requiere: I. Tener posgrado en educaci\u00f3n en \u00e1reas afines; II. Realizar investigaci\u00f3n en el [&hellip;]<\/p>\n","protected":false},"author":1,"featured_media":0,"parent":0,"menu_order":0,"comment_status":"open","ping_status":"closed","template":"","meta":{"footnotes":""},"class_list":["post-50","page","type-page","status-publish","hentry"],"jetpack_sharing_enabled":true,"_links":{"self":[{"href":"https:\/\/www.comie.org.mx\/v6\/wp-json\/wp\/v2\/pages\/50"}],"collection":[{"href":"https:\/\/www.comie.org.mx\/v6\/wp-json\/wp\/v2\/pages"}],"about":[{"href":"https:\/\/www.comie.org.mx\/v6\/wp-json\/wp\/v2\/types\/page"}],"author":[{"embeddable":true,"href":"https:\/\/www.comie.org.mx\/v6\/wp-json\/wp\/v2\/users\/1"}],"replies":[{"embeddable":true,"href":"https:\/\/www.comie.org.mx\/v6\/wp-json\/wp\/v2\/comments?post=50"}],"version-history":[{"count":4,"href":"https:\/\/www.comie.org.mx\/v6\/wp-json\/wp\/v2\/pages\/50\/revisions"}],"predecessor-version":[{"id":2589,"href":"https:\/\/www.comie.org.mx\/v6\/wp-json\/wp\/v2\/pages\/50\/revisions\/2589"}],"wp:attachment":[{"href":"https:\/\/www.comie.org.mx\/v6\/wp-json\/wp\/v2\/media?parent=50"}],"curies":[{"name":"wp","href":"https:\/\/api.w.org\/{rel}","templated":true}]}}